{"id":61,"date":"2025-05-30T18:07:36","date_gmt":"2025-05-30T18:07:36","guid":{"rendered":"https:\/\/vladimirsvetlik-artistepeintre.com\/?page_id=61"},"modified":"2025-06-04T15:41:42","modified_gmt":"2025-06-04T15:41:42","slug":"accueil","status":"publish","type":"page","link":"https:\/\/vladimirsvetlik-artistepeintre.com\/Slovensky\/","title":{"rendered":"Domov"},"content":{"rendered":"<h3>&nbsp;<br \/>\n<span style=\"color: #b7631b;\">Vitajte!<\/span><\/h3>\n<p>Prajem v\u00e1m pr\u00edjemn\u00fa prech\u00e1dzku mojimi dielami.<br \/>\nVol\u00e1m sa Vladim\u00edr Svetl\u00edk, narodil som sa v \u010ceskoslovensku, som slovensk\u00e9ho p\u00f4vodu a od detstva \u017eijem v Quebecu v Kanade.<br \/>\nPo dlhej prest\u00e1vke sp\u00f4sobenej ka\u017edodenn\u00fdm zhonom, ktor\u00fd si vy\u017eadovali moje profesion\u00e1lne aktivity, som sa op\u00e4\u0165 za\u010dal venova\u0165 ma\u013eovaniu.<br \/>\nMa\u013eova\u0165 som sa nau\u010dil s\u00e1m, pod veden\u00edm rodi\u010dov.<\/p>\n<p>Teraz, ke\u010f som na d\u00f4chodku, m\u00e1m kone\u010dne \u010das ma\u013eova\u0165 viac a ma\u013eujem viac ka\u017ed\u00fd de\u0148.<\/p>\n<p>Pre m\u0148a je ma\u013eovanie v\u017edy a predov\u0161etk\u00fdm momentom medit\u00e1cie.<\/p>\n<p>Vytv\u00e1ram hlavne atmosf\u00e9ry a v\u0161etky moje obrazy s\u00fa zalo\u017een\u00e9 na ur\u010ditej abstrakcii n\u00e1metov.<\/p>\n<p>Prostredn\u00edctvom svojej ma\u013eby r\u00e1d sk\u00famam gest\u00e1, ktor\u00e9 jej dod\u00e1vaj\u00fa text\u00fary a prel\u00ednanie farieb, ako aj dynamiku pohybu a rytmu.<\/p>\n<p>Moj\u00edm preferovan\u00fdm m\u00e9diom je olej, preto\u017ee mi umo\u017e\u0148uje viacero prieh\u013eadnost\u00ed a h\u013abku svetiel.<\/p>\n<p>Moje zdroje in\u0161pir\u00e1cie s\u00fa rozmanit\u00e9, ale \u010derp\u00e1m najm\u00e4 zo spomienok na detstvo, alebo dokonca z poetick\u00fdch textov, \u010di z hudby.<\/p>\n<p>Ver\u00edm, \u017ee umenie m\u00e1 schopnos\u0165 preb\u00fadza\u0165 v n\u00e1s sny t\u00fdm, \u017ee ich prostredn\u00edctvom em\u00f3ci\u00ed transformuje do diskurzu, ktor\u00fd h\u013ead\u00e1 ur\u010dit\u00fa rovnov\u00e1hu v dualite presved\u010den\u00ed.<\/p>\n<p>Preto poz\u00fdvam div\u00e1kov, aby sa vydali na vizu\u00e1lnu cestu mojimi obrazmi, \u010di u\u017e ide o krajinky, abstraktn\u00e9 alebo dokonca surrealistick\u00e9 zobrazenia.<\/p>\n<p>Moje obrazy ka\u017ed\u00fd de\u0148 \u010dakaj\u00fa, k\u00fdm sa na ne niekto pozrie, h\u013eadaj\u00fa niekoho, mo\u017eno pr\u00e1ve V\u00c1S.<\/p>\n<p>Ak sa v\u00e1m moje obrazy p\u00e1\u010dia, dajte mi vedie\u0165, nap\u00ed\u0161te mi, va\u0161e koment\u00e1re s\u00fa cenn\u00e9! \u010eAKUJEM.<\/p>\n<p>&nbsp;<\/p>\n","protected":false},"excerpt":{"rendered":"<p>&nbsp; Vitajte! Prajem v\u00e1m pr\u00edjemn\u00fa prech\u00e1dzku mojimi dielami. Vol\u00e1m sa Vladim\u00edr Svetl\u00edk, narodil som sa v \u010ceskoslovensku, som slovensk\u00e9ho p\u00f4vodu [&hellip;]<\/p>\n","protected":false},"author":1,"featured_media":0,"parent":0,"menu_order":0,"comment_status":"closed","ping_status":"closed","template":"","meta":{"site-sidebar-layout":"default","site-content-layout":"","ast-site-content-layout":"default","site-content-style":"default","site-sidebar-style":"default","ast-global-header-display":"","ast-banner-title-visibility":"","ast-main-header-display":"","ast-hfb-above-header-display":"","ast-hfb-below-header-display":"","ast-hfb-mobile-header-display":"","site-post-title":"disabled","ast-breadcrumbs-content":"","ast-featured-img":"","footer-sml-layout":"","theme-transparent-header-meta":"default","adv-header-id-meta":"","stick-header-meta":"","header-above-stick-meta":"","header-main-stick-meta":"","header-below-stick-meta":"","astra-migrate-meta-layouts":"set","ast-page-background-enabled":"default","ast-page-background-meta":{"desktop":{"background-color":"var(--ast-global-color-5)","background-image":"","background-repeat":"repeat","background-position":"center center","background-size":"auto","background-attachment":"scroll","background-type":"","background-media":"","overlay-type":"","overlay-color":"","overlay-opacity":"","overlay-gradient":""},"tablet":{"background-color":"","background-image":"","background-repeat":"repeat","background-position":"center center","background-size":"auto","background-attachment":"scroll","background-type":"","background-media":"","overlay-type":"","overlay-color":"","overlay-opacity":"","overlay-gradient":""},"mobile":{"background-color":"","background-image":"","background-repeat":"repeat","background-position":"center center","background-size":"auto","background-attachment":"scroll","background-type":"","background-media":"","overlay-type":"","overlay-color":"","overlay-opacity":"","overlay-gradient":""}},"ast-content-background-meta":{"desktop":{"background-color":"var(--ast-global-color-4)","background-image":"","background-repeat":"repeat","background-position":"center center","background-size":"auto","background-attachment":"scroll","background-type":"","background-media":"","overlay-type":"","overlay-color":"","overlay-opacity":"","overlay-gradient":""},"tablet":{"background-color":"var(--ast-global-color-4)","background-image":"","background-repeat":"repeat","background-position":"center center","background-size":"auto","background-attachment":"scroll","background-type":"","background-media":"","overlay-type":"","overlay-color":"","overlay-opacity":"","overlay-gradient":""},"mobile":{"background-color":"var(--ast-global-color-4)","background-image":"","background-repeat":"repeat","background-position":"center center","background-size":"auto","background-attachment":"scroll","background-type":"","background-media":"","overlay-type":"","overlay-color":"","overlay-opacity":"","overlay-gradient":""}},"ngg_post_thumbnail":0,"footnotes":""},"class_list":["post-61","page","type-page","status-publish","hentry"],"_links":{"self":[{"href":"https:\/\/vladimirsvetlik-artistepeintre.com\/Slovensky\/wp-json\/wp\/v2\/pages\/61","targetHints":{"allow":["GET"]}}],"collection":[{"href":"https:\/\/vladimirsvetlik-artistepeintre.com\/Slovensky\/wp-json\/wp\/v2\/pages"}],"about":[{"href":"https:\/\/vladimirsvetlik-artistepeintre.com\/Slovensky\/wp-json\/wp\/v2\/types\/page"}],"author":[{"embeddable":true,"href":"https:\/\/vladimirsvetlik-artistepeintre.com\/Slovensky\/wp-json\/wp\/v2\/users\/1"}],"replies":[{"embeddable":true,"href":"https:\/\/vladimirsvetlik-artistepeintre.com\/Slovensky\/wp-json\/wp\/v2\/comments?post=61"}],"version-history":[{"count":8,"href":"https:\/\/vladimirsvetlik-artistepeintre.com\/Slovensky\/wp-json\/wp\/v2\/pages\/61\/revisions"}],"predecessor-version":[{"id":227,"href":"https:\/\/vladimirsvetlik-artistepeintre.com\/Slovensky\/wp-json\/wp\/v2\/pages\/61\/revisions\/227"}],"wp:attachment":[{"href":"https:\/\/vladimirsvetlik-artistepeintre.com\/Slovensky\/wp-json\/wp\/v2\/media?parent=61"}],"curies":[{"name":"wp","href":"https:\/\/api.w.org\/{rel}","templated":true}]}}

<h3>&nbsp;<br />
<span style="color: #b7631b;">Vitajte!</span></h3>
<p>Prajem vám príjemnú prechádzku mojimi dielami.<br />
Volám sa Vladimír Svetlík, narodil som sa v Československu, som slovenského pôvodu a od detstva žijem v Quebecu v Kanade.<br />
Po dlhej prestávke spôsobenej každodenným zhonom, ktorý si vyžadovali moje profesionálne aktivity, som sa opäť začal venovať maľovaniu.<br />
Maľovať som sa naučil sám, pod vedením rodičov.</p>
<p>Teraz, keď som na dôchodku, mám konečne čas maľovať viac a maľujem viac každý deň.</p>
<p>Pre mňa je maľovanie vždy a predovšetkým momentom meditácie.</p>
<p>Vytváram hlavne atmosféry a všetky moje obrazy sú založené na určitej abstrakcii námetov.</p>
<p>Prostredníctvom svojej maľby rád skúmam gestá, ktoré jej dodávajú textúry a prelínanie farieb, ako aj dynamiku pohybu a rytmu.</p>
<p>Mojím preferovaným médiom je olej, pretože mi umožňuje viacero priehľadností a hĺbku svetiel.</p>
<p>Moje zdroje inšpirácie sú rozmanité, ale čerpám najmä zo spomienok na detstvo, alebo dokonca z poetických textov, či z hudby.</p>
<p>Verím, že umenie má schopnosť prebúdzať v nás sny tým, že ich prostredníctvom emócií transformuje do diskurzu, ktorý hľadá určitú rovnováhu v dualite presvedčení.</p>
<p>Preto pozývam divákov, aby sa vydali na vizuálnu cestu mojimi obrazmi, či už ide o krajinky, abstraktné alebo dokonca surrealistické zobrazenia.</p>
<p>Moje obrazy každý deň čakajú, kým sa na ne niekto pozrie, hľadajú niekoho, možno práve VÁS.</p>
<p>Ak sa vám moje obrazy páčia, dajte mi vedieť, napíšte mi, vaše komentáre sú cenné! ĎAKUJEM.</p>
<p>&nbsp;</p>

<p>&nbsp; Vitajte! Prajem vám príjemnú prechádzku mojimi dielami. Volám sa Vladimír Svetlík, narodil som sa v Československu, som slovenského pôvodu [&hellip;]</p>
